ermine g(-9).
-19
Let t(j) = j**2 - 9*j - 27. Determine t(13).
25
Let i(u) = 4*u - 11. Give i(6).
13
Let y(i) = -i + 19. Calculate y(13).
6
Let u(g) = -7*g + 14. Calculate u(5).
-21
Let a(k) = -5*k**3 + 6*k**2 + 7*k + 1. What is a(-1)?
5
Let q(j) = -j**2 + 4*j + 6. Calculate q(6).
-6
Let l(c) = 10*c**3 + c**2 - 2*c + 1. What is l(1)?
10
Let d(o) = -40*o + 5. Determine d(3).
-115
Let k(l) = 3*l**2 + 10*l + 9. Give k(-6).
57
Let s(h) = -5*h + 186. Determine s(39).
-9
Let s(p) = -p**2 + 4*p + 10. Give s(8).
-22
Let y(p) = 2*p - 28. What is y(15)?
2
Let d(x) = 45*x - 3. Calculate d(-1).
-48
Let t(f) = -f**2 - 4*f + 15. Calculate t(-6).
3
Let n(u) = 5*u - 13. Calculate n(6).
17
Let d(u) = -u**3 - 9*u**2 - 4*u + 9. Calculate d(-7).
-61
Let k(m) = -5*m - 9. Calculate k(-7).
26
Let k(r) = 15*r + 97. What is k(-6)?
7
Let o(m) = -4*m + 13. What is o(5)?
-7
Let h(m) = -8*m**3 + 2*m**2 - m. Give h(1).
-7
Let t(p) = 2*p + 18. Calculate t(9).
36
Let u(d) = -3*d + 41. Calculate u(9).
14
Let p(c) = -c - 12. Determine p(-26).
14
Let b(u) = -2*u**3 - 24*u**2 - 17*u + 57. Give b(-11).
2
Let f(p) = -p**2 - 3*p - 2. Calculate f(-1).
0
Let t(s) = -11*s + 34. Calculate t(14).
-120
Let i(v) = -v**3 - 3*v**2 - 2*v + 4. Determine i(-3).
10
Let q(w) = -2*w**3 - 6*w**2 - w + 7. Give q(-4).
43
Let n(s) = s**3 + 21*s**2 + 22*s + 52. Determine n(-20).
12
Let b(h) = 2*h**3 + 20*h**2 + 20*h + 8. What is b(-9)?
-10
Let d(f) = f**3 - 5*f**2 - 6*f + 5. Calculate d(6).
5
Let u(n) = -5*n**3 - 4*n**2 + 3*n - 1. Determine u(2).
-51
Let l(c) = 2*c**2 - 59*c + 19. Calculate l(29).
-10
Let m(k) = -k**2 + 4*k - 8. Give m(5).
-13
Let v(u) = -u**2 - 7*u + 20. Determine v(0).
20
Let o(l) = -3*l**3 - 17*l**2 + 3*l - 6. Give o(-6).
12
Let m(f) = 2*f**3 - 5*f**2 - f - 3. Calculate m(4).
41
Let h(p) = p**2 - 9*p - 179. Determine h(-10).
11
Let q(b) = -b**3 + 7*b**2 - 14*b + 8. Determine q(5).
-12
Let r(g) = -g**3 + g**2 + 2*g - 11. What is r(-5)?
129
Let m(l) = l**3 + 7*l**2 - 2*l + 13. Determine m(-6).
61
Let j(d) = -5*d**2 - 2*d + 3. Calculate j(2).
-21
Let g(i) = 3*i + 24. Determine g(-11).
-9
Let y(b) = -b**3 - 35*b**2 - 29*b + 168. Determine y(-34).
-2
Let n(y) = -y**3 - 7*y**2 - 4*y + 7. Give n(-6).
-5
Let x(c) = 29*c + 93. Calculate x(-3).
6
Let o(a) = a**3 - 19*a**2 + 88*a + 9. What is o(10)?
-11
Let x(t) = -2*t - 19. What is x(-15)?
11
Let u(z) = 12*z - 2. Determine u(3).
34
Let u(c) = 2*c**2 - 2*c - 24. Determine u(6).
36
Let l(c) = -2*c**3 - 2*c**2 + 6*c + 3. Determine l(-2).
-1
Let a(w) = -w**3 + 10*w**2 - 21*w + 9. What is a(8)?
-31
Let z(w) = -2*w**2 - 19*w + 7. What is z(-12)?
-53
Let o(u) = 9*u + 12. Calculate o(-1).
3
Let k(h) = 13*h + 2. Determine k(-1).
-11
Let y(d) = -13*d + 4. Determine y(-3).
43
Let k(f) = -9*f**2 + 5*f - 7. Give k(4).
-131
Let s(n) = n**3 - 8*n**2 + 3*n + 2. Determine s(8).
26
Let t(x) = -x**3 - 16*x**2 - 58*x + 20. Determine t(-10).
0
Let m(b) = -2*b**2 + 15*b - 19. Calculate m(10).
-69
Let t(u) = -u**3 - 2*u**2 + 7. Give t(3).
-38
Let a(b) = b**3 + 10*b**2 + 22*b + 16. Determine a(-7).
9
Let c(b) = -13*b**3 - 2*b**2 + 1. Determine c(1).
-14
Let d(o) = -o**2 - 5*o - 17. What is d(-7)?
-31
Let j(s) = -5*s + 25. Calculate j(16).
-55
Let k(n) = n**3 + n**2 - 19*n - 7. What is k(4)?
-3
Let m(x) = -12*x + 10. What is m(5)?
-50
Let c(u) = -u**2 - 12*u + 11. Determine c(-13).
-2
Let x(i) = -2*i**2 + 10*i + 2. What is x(6)?
-10
Let y(q) = -q - 2. What is y(0)?
-2
Let t(p) = p**2 + 11*p - 34. What is t(-13)?
-8
Let g(h) = -24*h + 127. Determine g(5).
7
Let z(i) = i**3 + 7*i**2 + 6*i + 5. Determine z(-6).
5
Let n(t) = 16*t + 147. Determine n(-11).
-29
Let u(r) = 2*r - 36. Calculate u(12).
-12
Let v(n) = -2*n**2 - 16*n - 14. What is v(-8)?
-14
Let b(h) = -2*h**3 + 27*h - 3. What is b(0)?
-3
Let b(r) = r**2 - 59*r + 115. What is b(2)?
1
Let m(h) = -3*h**2 + 121*h - 98. What is m(40)?
-58
Let x(v) = 2*v**2 - 19*v - 2. What is x(9)?
-11
Let z(n) = n**2 + 10*n - 1. What is z(-6)?
-25
Let y(m) = 2*m**2 + 13*m + 4. Give y(-5).
-11
Let u(i) = i - 4. What is u(-5)?
-9
Let l(p) = 14*p**3 - 2*p**2 - 3*p + 5. Calculate l(2).
103
Let m(k) = -k**3 + 8*k**2 - 6*k - 7. Calculate m(7).
0
Let g(m) = -4*m + 21. Determine g(4).
5
Let j(n) = 3*n + 2. Give j(-11).
-31
Let w(o) = -2*o**2 + 14*o - 12. Calculate w(6).
0
Let s(p) = 2*p - 84. Give s(25).
-34
Let x(g) = -3*g + 60. What is x(11)?
27
Let i(x) = x**2 + 4*x - 14. Give i(3).
7
Let n(b) = -24*b + 94. Determine n(4).
-2
Let o(c) = c**3 + 7*c**2 - 2*c - 6. Calculate o(-7).
8
Let p(h) = -h**2 + 9*h - 4. Calculate p(8).
4
Let k(m) = 8*m - 2. Give k(1).
6
Let n(w) = w**3 + 6*w**2 - 71*w + 16. Determine n(-12).
4
Let m(l) = -l**3 + 4*l**2 + l + 2. Calculate m(0).
2
Let f(q) = 3*q**2 + 2. Give f(-1).
5
Let d(g) = -g**2 - 5*g + 10. What is d(-10)?
-40
Let q(h) = -11*h - 24. What is q(-2)?
-2
Let j(d) = 2*d**2 - 8*d - 200. Give j(12).
-8
Let n(i) = -11*i - 106. What is n(-9)?
-7
Let b(t) = t**3 + 7*t**2 - t - 11. Give b(-7).
-4
Let m(q) = q**2 + 17*q + 58. Give m(-6).
-8
Let u(j) = -18*j - 567. Give u(-32).
9
Let j(q) = -6*q + 27. Give j(5).
-3
Let a(u) = 18*u + 9. Give a(0).
9
Let c(t) = t**3 + 2*t**2 + 3*t - 7. Give c(0).
-7
Let i(y) = 17*y + 2. What is i(-1)?
-15
Let p(t) = -t**2 - 10*t - 14. Calculate p(-9).
-5
Let u(f) = f**3 - 7*f**2 - 7*f - 8. Calculate u(8).
0
Let v(y) = -y**3 + 28*y**2 - y + 41. Give v(28).
13
Let s(i) = 28*i**2 + 3*i - 2. Give s(1).
29
Let p(x) = 3*x + 13. What is p(-6)?
-5
Let d(y) = y**2 + 12*y + 14. Calculate d(-8).
-18
Let r(c) = 5*c - 5. Give r(4).
15
Let f(p) = -p**2 - 3*p + 15. Give f(3).
-3
Let l(t) = 2*t**2 + 1. What is l(-1)?
3
Let d(v) = -6*v**2 + 371*v + 62. Give d(62).
0
Let u(f) = -3*f - 26. Calculate u(-11).
7
Let f(v) = v**3 - 14*v**2 - v + 20. What is f(14)?
6
Let v(y) = -y**3 + 21*y**2 - 32*y - 24. Determine v(19).
90
Let p(l) = -l**3 - 8*l**2 + 8*l + 8. Give p(-9).
17
Let p(s) = s**2 - 10. Determine p(7).
39
Let f(v) = 2*v**3 + 4*v**2 - 11. Calculate f(0).
-11
Let t(y) = y**3 + 21*y**2 + 25*y + 103. What is t(-20)?
3
Let r(t) = -t**2 + 7*t + 7. Determine r(7).
7
Let s(z) = 3*z**2 + 19*z + 8. Calculate s(-6).
2
Let t(n) = n**3 + 4*n**2 + 13*n + 25. What is t(-2)?
7
Let d(p) = p - 22. Determine d(4).
-18
Let j(x) = -x**3 + 6*x**2 - 7*x + 2. What is j(5)?
-8
Let i(l) = 6*l**2 + l + 2. Calculate i(-1).
7
Let n(x) = -x**2 - 16*x - 1. Determine n(-16).
-1
Let y(c) = -c**3 + 3*c**2 - c - 5. What is y(3)?
-8
Let w(z) = -17*z + 46. What is w(4)?
-22
Let g(j) = 2*j - 8. Calculate g(17).
26
Let r(p) = p**3 + 7*p**2. Give r(-7).
0
Let u(q) = 8*q - 108. Determine u(14).
4
Let u(d) = d**2 - 14*d - 128. Give u(21).
19
Let q(b) = 16*b - 82. Give q(5).
-2
Let t(c) = 5*c**2 - 12*c + 1. Determine t(2).
-3
Let a(n) = n**2 + 21*n + 6. Calculate a(-7).
-92
Let a(o) = o**2 - 13*o + 9. Calculate a(12).
-3
Let n(u) = 3*u + 15. What is n(-7)?
-6
Let m(u) = 26*u - 1. Determine m(1).
25
Let z(f) = f**3 + 10*f**2 - 10*f + 14. Give z(-11).
3
Let p(f) = 2*f**2 - 5*f + 2. What is p(2)?
0
Let h(t) = t**3 + 15*t**2 - 15*t + 17. What is h(-16)?
1
Let b(t) = -t**2 + 51*t - 227. Determine b(46).
3
Let h(o) = 7*o - 2. Determine h(1).
5
Let x(h) = 10*h - 1. Give x(3).
29
Let b(o) = o**3 - o**2 - 7*o - 7. What is b(3)?
-10
Let k(u) = -2*u + 18. Determine k(6).
6
Let o(m) = -8*m + 68. Give o(-7).
124
Let h(t) = t**3 + 39*t**2 + 164*t - 210. Give h(-34).
-6
Let j(p) = 8*p - 6. Calculate j(1).
2
Let y(m) = 5*m - 2. Calculate y(-9).
-47
Let j(c) = -13*c + 23. Calculate j(2).
-3
Let o(s) = s**3 + 8*s**2 + 11*s - 2. Determine o(-6).
4
Let p(d) = -d**3 + 7*d**2 - 3*d - 3. Determine p(7).
-24
Let w(v) = v**2 + 6*v - 8. Calculate w(3).
19
Let s(q) = -6*q. What is s(-1)?
6
Let z(a) = 32*a - 1. Determine z(2).
63
Let c(v) = v**2 - 17*v + 55. Give c(10).
-15
Let w(a) = a - 9. Determine w(7).
-2
Let u(g) = 4*g**2 + 59*g - 4. What is u(-17)?
149
Let c(l) = l**3 - 21*l**2 - 4*l + 52. Calculate c(21).
-32
Let w(i) = -8*i. Determine w(-2).
16
Let y(w) = -16*w - 1. Determine y(-1).
15
Let h(w) = -2*w - 29. Give h(-6).
-17
Let i(c) = c**2 - 3*c + 25. What is i(0)?
25
Let f(h) = -2*h**2 + 6. Determine f(-5).
-44
Let x(w) = -w**2 + 4*w + 46. Give x(9).
1
Let y(c) = c**3 + 6*c**2 + 34*c + 107. Give y(-4).
3
Let h(u) = -2*u + 2. Calculate h(1).
0
Let